. What is the tens digit of r?
1
Let j = -171 - -4736. What is the units digit of j?
5
Let m(b) = 3*b**2 + 61*b. Let v(y) = -2*y**2 - 30*y - 1. Let n(d) = -2*m(d) - 5*v(d). What is the units digit of n(9)?
1
Let t(d) be the second derivative of 3/2*d**2 - 5/2*d**3 + 20*d + 0 + 3/4*d**4. What is the tens digit of t(6)?
3
Suppose a = -4*a - 490. Suppose -163*g + 41*g + 41656 = 42*g. Let r = a + g. What is the tens digit of r?
5
What is the units digit of (588 + -485)*(-458)/(-4)*2?
7
Let n = 990 + -982. Let p(w) be the second derivative of w**4/4 - 7*w**3/6 - 13*w**2 + 2*w. What is the hundreds digit of p(n)?
1
Suppose 0 = -2*c + k + 37, -6*c - 33 = -8*c - 3*k. What is the tens digit of 218 - ((-35)/(-9) - (-2)/c)?
1
What is the hundreds digit of ((-829250)/15)/(-1) - ((-532)/42 - -12)?
2
Suppose -14*p + 3*r = -9*p - 96397, 4*r + 96396 = 5*p. What is the units digit of p?
0
Let f(v) = 6*v**2 + 3*v - 3*v + 5*v + 6*v - 6. Let a be f(8). Suppose -a = -3*j - 61. What is the hundreds digit of j?
1
What is the ten thousands digit of 44*(47075/4)/35?
1
Let l = 162 - 76. Suppose -3*s + s + l = w, 5*s = w - 79. Suppose 0 = -2*q - z + w, -3*z + 4 = -2. What is the units digit of q?
1
Suppose -b = -4, 408*a + 93142 = 410*a + 3*b. What is the hundreds digit of a?
5
Let w(o) = -4*o**3 + 16*o**2 - 23*o + 1. Let b be w(-9). Let s = b + -2461. What is the units digit of s?
9
Let r = 127 - 90. Suppose x - 15 = 6*x, -3*p - 2*x = -351. Suppose p - r = 2*g. What is the tens digit of g?
4
Suppose 5*g + 2*g = -0*g. Let l = g + -27. Let c = l + 127. What is the hundreds digit of c?
1
Let p be -4*(-4)/(16/(-1091)). Let q = p - -1716. Suppose -q = -4*x + z, -2*x - 9*z = -7*z - 310. What is the units digit of x?
6
What is the thousands digit of (-1)/(5/(-83616)) - ((-1992)/(-60) + -33)?
6
Let g be 23/(-5) + 45/75. Let j(x) = -37*x - 84. What is the units digit of j(g)?
4
Suppose 4*m - 4*o - 4684 = 0, -m - 7*o + 6*o + 1175 = 0. Suppose d = -3*n + 1910, 4*d + 1999 + m = 5*n. What is the tens digit of n?
3
Let l(y) = -y - 8. Let m be l(-6). Let o be 204/(-4) + (0 + -1 - m). Let k = 140 + o. What is the tens digit of k?
9
Let z = 14365 + -14297. Suppose -92 = -k - 5*y, -2*k + 3*y + 65 = -67. Suppose 548 = -z*s + k*s. What is the units digit of s?
7
Let j = -152 - -159. Suppose -1024 = -j*s - s. What is the hundreds digit of s?
1
Suppose 0 = 30*j - 24*j - 2124. Suppose -5*b - j = -6*h + 3*h, h - 132 = -3*b. What is the units digit of h?
3
Suppose -15*h = -580 - 440. Suppose 2*i = 308 - h. What is the tens digit of i?
2
Let w = -343 + 451. Let g = 1068 - w. What is the hundreds digit of g?
9
Let r be -4 + 333 + (-3)/3 - -3. Let c = r + 8. What is the hundreds digit of c?
3
Let p(j) = 3*j**3 - 12*j**2 + 195*j + 10. What is the units digit of p(13)?
8
Suppose 25492 = z + 5*r, r = -21 + 20. What is the thousands digit of z?
5
Let r be 195/20 + 15/(-20). Suppose -d - 3*t = -1943, -r*d + 12*d + 5*t = 5849. What is the units digit of d?
8
Suppose 29*v + 190 = -100. Let f = 6 + -4. What is the units digit of f/v*(-341 - -6)?
7
Suppose 0 = 36*n - 54*n + 89679 + 303369. What is the thousands digit of n?
1
Let c(n) = 13817*n**2 - 80*n - 18. What is the tens digit of c(2)?
9
Suppose -5*n - 5*y = -25420, -y = -n - 2*n + 15248. What is the hundreds digit of n?
0
Let m be (0 - 5)*(4 - 5)*-6. Let c be 0 + (10/m - 109/(-3)). Let x = c + -27. What is the units digit of x?
9
Let b(w) = -2392*w - 354. What is the hundreds digit of b(-3)?
8
Let n = -46 - -45. Let v be (1/(n + 0))/(2/(-6)). Suppose -z = t - 52, -z + 50 = v*t - t. What is the units digit of z?
4
Let z be 17024/14 - (-4)/(-1). Let c = -746 + z. What is the units digit of c?
6
Let t be (14/(-4))/((-5)/10). Let u(i) = i - 5. Let l be u(t). Suppose l*z - 700 = -4*n, -845 = -5*n - 4*z + 9*z. What is the tens digit of n?
7
Let m(k) = 5*k**3 + 3*k**2 - 4*k + 4. Let n be (10 - 7) + 11*-1. Let d be -2 + (-16)/(n/2). What is the tens digit of m(d)?
4
Suppose 858 = -3*h + 834. What is the tens digit of (-21)/(-28) + (-6450)/h?
0
Let x(a) = 83*a**2 - 95*a - 1198. What is the hundreds digit of x(-11)?
8
Let g be (-3)/2*(-8)/2. Let j be (42/(-168))/(2/(-24)). What is the tens digit of g/3 + (-3)/(j/(-25))?
2
Let r = 3749 - -8378. What is the ten thousands digit of r?
1
Suppose -258939 = 87*b - 2264985. What is the tens digit of b?
5
Let s(i) = 50*i**2 + 32*i - 282. What is the tens digit of s(11)?
2
Let u(t) = 3759*t - 285. What is the units digit of u(1)?
4
Suppose o - 2*x - 730 + 0 = 0, 4*o - 2*x = 2896. Let k = 1509 - o. What is the units digit of k?
7
What is the thousands digit of (-1 - 8419/(-1)) + (3 - 0)*-1?
8
Let g(l) = -l - 20. Let v be g(-11). Let s(f) = 2*f**3 + 17*f**2 - 8*f + 12. Let o be s(v). Suppose o*r - 33 = 363. What is the hundreds digit of r?
1
Let m(l) = 1520*l**2 + 22*l + 17. What is the hundreds digit of m(-2)?
0
Suppose 0*q - 60 = -6*q. Suppose 0 = q*c - 9*c + 191. Let o = c - -343. What is the units digit of o?
2
Let p = 22 + 3. Let g = p + -22. Suppose g*j + 5*j - 160 = 0. What is the units digit of j?
0
Suppose 0 = 5*r - 5*f - 105, 4*f + 1 = -2*r + 37. Suppose 5*m - 93 + 39 = q, 5*m + 93 = -2*q. What is the units digit of (q + 2)/((-4)/r)?
5
Suppose -326 + 1068 = 14*f. What is the tens digit of (-2 - f/(-3))*3?
4
Let b = -39 + 44. Suppose -4*t = 12, 3*c + b*t + 188 = 2*c. Let j = 297 + c. What is the tens digit of j?
2
Let u(n) = 52*n**2 + 11*n - 432. What is the units digit of u(13)?
9
Suppose -207794 = -5*i + c, 0 = 53*i - 50*i - 5*c - 124650. What is the ten thousands digit of i?
4
Suppose 2*r - 11 = -3*t, 0*t + 4*t + 16 = 5*r. Suppose 1012 + 208 = r*z. Suppose 4*o = -3*v + z, -v = -5*o + 8*o - 225. What is the units digit of o?
4
Let d(v) = -31*v + 10 - 9 - 23. What is the tens digit of d(-6)?
6
Let v = 5607 - 29. What is the tens digit of v?
7
Let j be (6 - 54/15)/(1/25). Let q be (-2)/12 + 430/j. Suppose -q*c + 1229 = 214. What is the hundreds digit of c?
1
Let x(n) = -n**3 + 13*n**2 + 29*n + 18. Let y be x(15). Let u(r) = 4*r - 2 + 2*r**3 + 0*r**2 - 7*r**2 - y*r. What is the tens digit of u(6)?
8
Let b = 48 - 48. Suppose b = r - 2*r + 4*c + 451, -5*r - 2*c + 2299 = 0. What is the tens digit of r?
5
What is the hundreds digit of 42/(-6) + -24*(10 + -352)?
2
Let c(n) = n**2 - 73*n + 530. What is the hundreds digit of c(-42)?
3
Suppose 5*o = -u - 4, -u - 8 = u + 3*o. Let m(i) = -25*i + 2. Let h(b) = -26*b + 1. Let g(t) = 6*h(t) - 5*m(t). What is the units digit of g(u)?
0
Let n = -2366 - -2448. What is the tens digit of n?
8
Let a(i) be the first derivative of 1/3*i**3 - 13 + 1/2*i**2 - 10*i. What is the tens digit of a(-11)?
0
What is the ten thousands digit of -93*8/(192/(-9688))?
3
Let u = -27578 - -31845. What is the hundreds digit of u?
2
Let q = 304 + -120. Let g(o) = 68*o + 2. Let p be g(4). Let d = p - q. What is the units digit of d?
0
Let m = 17561 + -11457. What is the units digit of m?
4
Let z(x) = -x - 2. Let l be z(0). Let y be (63/27 - 2)*6*3/2. What is the units digit of l/y + (-799)/(-51)?
5
Suppose -15 = 2*q - 73. Let p = 67 - q. Let n = p + -35. What is the units digit of n?
3
Suppose -4*l = -p - 11253, -59*l - p + 2807 = -58*l. What is the tens digit of l?
1
Let b(n) = 4*n**2 - 36*n - 147. What is the units digit of b(35)?
3
Let x be (-3)/2 + (-782)/(-4). Let i = 281 - x. Suppose 10*w + i = 13*w. What is the tens digit of w?
2
Let x(o) = o**3 - 18*o**2 + 28*o - 17. Let w be x(15). Let s = 103 - w. What is the hundreds digit of s?
3
Suppose -105*p + 108*p = -3*k + 17985, 5*k - 4*p = 30020. What is the units digit of k?
0
Let z = 2110 - 1333. Let h = z + -489. What is the units digit of h?
8
Let f = 2160 - 773. Suppose 2*t = -8, 4*s - 565 = -t + f. What is the units digit of s?
9
Suppose 115 = 6*f + 19. Let y = f + 20. What is the units digit of (-45)/y*(-17 - -1)?
0
What is the ten thousands digit of 6 + ((-15628)/(-8))/((6/(-144))/(-1))?
4
Suppose 21*r + 9605 = -46717. Let b = r - -4238. What is the units digit of b?
6
Suppose -6*p = 222 + 24. Let a = p - -32. What is the units digit of (6/a)/(16/(-168))?
7
Suppose 3*x = 5*q + 6, q + 0 + 2 = x. Suppose 3*f - 1470 + 47 = 4*k, q = -2*f + k + 957. What is the tens digit of f?
8
Let o = -58 - -41. Let y = o + 23. What is the units digit of 3/